e factors of 1120546.
2, 7, 80039
What are the prime factors of 219423?
3, 73141
List the prime factors of 3389432.
2, 43, 59, 167
List the prime factors of 361353.
3, 23, 5237
List the prime factors of 90720.
2, 3, 5, 7
List the prime factors of 13248505.
5, 29, 91369
What are the prime factors of 12124005?
3, 5, 808267
List the prime factors of 820951.
67, 12253
What are the prime factors of 972722?
2, 139, 3499
What are the prime factors of 3912923?
7, 229, 2441
List the prime factors of 25221307.
25221307
List the prime factors of 11448339.
3, 7, 239, 2281
What are the prime factors of 15817?
15817
List the prime factors of 31192.
2, 7, 557
What are the prime factors of 51420?
2, 3, 5, 857
What are the prime factors of 500840?
2, 5, 19, 659
What are the prime factors of 228473?
7, 127, 257
What are the prime factors of 23615211?
3, 31, 271, 937
List the prime factors of 797175.
3, 5, 1181
What are the prime factors of 18781769?
53, 354373
What are the prime factors of 5298025?
5, 67, 3163
List the prime factors of 132982.
2, 66491
List the prime factors of 2180645.
5, 257, 1697
What are the prime factors of 98966?
2, 7, 7069
List the prime factors of 4720142.
2, 7, 337153
What are the prime factors of 171484?
2, 43, 997
List the prime factors of 1453724.
2, 363431
What are the prime factors of 2717692?
2, 679423
List the prime factors of 2050395.
3, 5, 136693
What are the prime factors of 2107932?
2, 3, 17, 10333
List the prime factors of 8344769.
613, 13613
List the prime factors of 39210.
2, 3, 5, 1307
What are the prime factors of 684791?
684791
What are the prime factors of 2934126?
2, 3, 13, 12539
What are the prime factors of 6457978?
2, 277, 11657
List the prime factors of 6154641.
3, 29, 23581
List the prime factors of 26026108.
2, 29, 224363
List the prime factors of 1540508.
2, 385127
List the prime factors of 17927.
7, 13, 197
What are the prime factors of 112797?
3, 83, 151
List the prime factors of 591465.
3, 5, 7, 43, 131
What are the prime factors of 127239?
3, 7, 73, 83
What are the prime factors of 532247?
19, 109, 257
What are the prime factors of 5293559?
1973, 2683
What are the prime factors of 50446?
2, 11, 2293
What are the prime factors of 18667641?
3, 359, 17333
List the prime factors of 188173.
17, 11069
List the prime factors of 1776411.
3, 7, 13, 241
What are the prime factors of 7065546?
2, 3, 211, 5581
What are the prime factors of 143174?
2, 17, 4211
List the prime factors of 4630629.
3, 1543543
List the prime factors of 9095299.
29, 47, 6673
List the prime factors of 2890065.
3, 5, 23, 8377
What are the prime factors of 190311?
3, 11, 73, 79
What are the prime factors of 12688?
2, 13, 61
List the prime factors of 4442724.
2, 3, 11, 13, 863
List the prime factors of 445909.
97, 4597
What are the prime factors of 1947111?
3, 23, 28219
What are the prime factors of 14181498?
2, 3, 47, 16763
List the prime factors of 5254104.
2, 3, 29, 7549
List the prime factors of 90686.
2, 45343
What are the prime factors of 3248897?
67, 48491
What are the prime factors of 28298?
2, 14149
What are the prime factors of 8536006?
2, 17, 251059
List the prime factors of 2305171.
11, 19051
What are the prime factors of 4690708?
2, 11, 17, 6271
List the prime factors of 8084046.
2, 3, 1347341
What are the prime factors of 363720?
2, 3, 5, 7, 433
List the prime factors of 476433.
3, 52937
List the prime factors of 6423846.
2, 3, 11, 13, 7487
What are the prime factors of 17590908?
2, 3, 157, 9337
List the prime factors of 21930541.
19, 1154239
List the prime factors of 27000458.
2, 1553, 8693
List the prime factors of 645400.
2, 5, 7, 461
What are the prime factors of 559026?
2, 3, 13, 2389
What are the prime factors of 236879?
236879
List the prime factors of 300921.
3, 37, 2711
What are the prime factors of 335517?
3, 7, 13, 1229
List the prime factors of 848104.
2, 106013
What are the prime factors of 15351972?
2, 3, 613, 2087
List the prime factors of 860060.
2, 5, 43003
List the prime factors of 12961058.
2, 11, 589139
What are the prime factors of 796328?
2, 13, 19, 31
List the prime factors of 372085.
5, 7, 10631
What are the prime factors of 7534370?
2, 5, 753437
What are the prime factors of 4349499?
3, 7, 11, 19, 991
List the prime factors of 1138465.
5, 227693
List the prime factors of 17803401.
3, 7, 11, 37, 2083
List the prime factors of 7854201.
3, 19, 23, 1997
List the prime factors of 215889.
3, 71963
What are the prime factors of 229399?
229399
What are the prime factors of 267262?
2, 133631
What are the prime factors of 581834?
2, 11, 53, 499
What are the prime factors of 11573?
71, 163
List the prime factors of 2361604.
2, 7, 12049
List the prime factors of 927119.
277, 3347
List the prime factors of 12001431.
3, 13, 37, 8317
What are the prime factors of 4421329?
11, 401939
What are the prime factors of 259957?
47, 5531
What are the prime factors of 8981575?
5, 359263
List the prime factors of 124943.
7, 13, 1373
List the prime factors of 9378301.
9378301
List the prime factors of 7761010.
2, 5, 17, 71, 643
What are the prime factors of 9224184?
2, 3, 467, 823
What are the prime factors of 162646?
2, 11, 7393
What are the prime factors of 3138729?
3, 11, 227, 419
What are the prime factors of 69459?
3, 13, 137
What are the prime factors of 59716?
2, 14929
List the prime factors of 3121128.
2, 3, 67, 647
What are the prime factors of 616826?
2, 7, 44059
What are the prime factors of 10777998?
2, 3, 7, 11, 41, 569
List the prime factors of 355681.
37, 9613
What are the prime factors of 655598?
2, 327799
List the prime factors of 212954.
2, 7, 41, 53
What are the prime factors of 5458481?
7, 97, 8039
What are the prime factors of 1743515?
5, 23, 15161
What are the prime factors of 248984?
2, 31123
List the prime factors of 2724086.
2, 29, 67, 701
List the prime factors of 545609.
545609
List the prime factors of 621954.
2, 3, 109, 317
What are the prime factors of 271468?
2, 67867
What are the prime factors of 31189062?
2, 3, 467, 11131
What are the prime factors of 8017?
8017
List the prime factors of 8435005.
5, 1279, 1319
What are the prime factors of 276403?
17, 71, 229
What are the prime factors of 61235?
5, 37, 331
What are the prime factors of 1612320?
2, 3, 5, 3359
What are the prime factors of 584715?
3, 5, 17, 2293
What are the prime factors of 5576663?
17, 113, 2903
List the prime factors of 20077372.
2, 7, 41, 17489
List the prime factors of 6643231.
7, 949033
List the prime factors of 116049.
3, 101, 383
What are the prime factors of 176860?
2, 5, 37, 239
List the prime factors of 247453.
353, 701
What are the prime factors of 920344?
2, 29, 3967
List the prime factors of 12652251.
3, 4217417
List the prime factors of 463339.
463339
What are the prime factors of 3633836?
2, 908459
List the prime factors of 5982683.
7, 109, 7841
What are the prime factors of 135835?
5, 7, 3881
List the prime factors of 68516.
2, 7, 2447
List the prime factors of 4750629.
3, 13, 41, 2971
List the prime factors of 2689221.
3, 739, 1213
What are the prime factors of 5820023?
11, 19, 27847
What are the prime factors of 471323?
43, 97, 113
List the prime factors of 919280.
2, 5, 11491
What are the prime factors of 3855041?
3855041
What are the prime factors of 217118?
2, 11, 71, 139
List the prime factors of 577321.
41, 14081
List the prime factors of 1853585.
5, 389, 953
List the prime factors of 496395.
3, 5, 3677
What are the prime factors of 2871253?
7, 11, 761
List the prime factors of 3352076.
2, 7, 13, 9209
List the prime factors of 1717144.
2, 11, 13, 19, 79
List the prime factors of 231598.
2, 43, 2693
What are the prime factors of 8532?
2, 3, 79
List the prime factors of 960678.
2, 3, 19, 53
What are the prime factors of 403214?
2, 7, 83, 347
List the prime factors of 546675.
3, 5, 37, 197
List the prime factors of 1304822.
2, 652411
What are the prime factors of 6811150?
2, 5, 136223
What are the prime factors of 369927?
3, 4567
List the prime factors of 297837.
3, 3677
What are the prime factors of 484539?
3, 11, 14683
What are the prime factors of 13536253?
53, 97, 2633
List the prime factors of 12088669.
1193, 10133
What are the prime factors of 167370?
2, 3, 5, 7, 797
What are the prime factors of 18521752?